(d) = 7*d - 1. Let o(c) = -13*c + 12. Let v(n) = o(n) + 2*t(n). Suppose 0 = 5*z - 4*b + 9, -27 - 1 = 4*z + 2*b. Calculate v(z).
5
Let y(v) be the third derivative of v**5/60 + v**4/2 + 17*v**3/6 + 8*v**2. Give y(-8).
-15
Let n(p) = p**3 - 2*p**3 + 2*p**3 - 6*p**2 + p. Suppose 2*m = -3*v - 3 - 17, 0 = -4*m + 4*v. Let q be 12*(18/m + 5). What is n(q)?
6
Let m(d) = 3*d + 52306*d**2 - 52308*d**2 - 1 - 3. What is m(-3)?
-31
Let d(k) = -k. Let j(f) = f**2 - f - 3. Let v(i) = -4*d(i) - j(i). Suppose 0 = 5*b - 5*r - 110, -30 = -2*b - 3*r + 4. Suppose -27*o - b = -31*o. Calculate v(o).
3
Let x(y) = -5*y - 9. Let m(d) = -8*d + 22 - 40 - 3*d. Suppose 70 = 5*o + 5*k, -4*o = 6*k - 11*k - 47. Let g(c) = o*x(c) - 6*m(c). Give g(4).
-5
Let p(m) = -3*m**2 - 5*m**3 + 2 + 4*m**3 - 3. Let h be 1 - (-64)/(-14) - (-924)/1617. Calculate p(h).
-1
Let c(v) = -5*v + 4*v + 8 - 5*v. Let z be 1/9 + (-4)/(-6)*(-106)/(-12). Calculate c(z).
-28
Let y(m) = -m**2 + 7*m - 7. Let u(l) = -2*l**2 + 13*l - 13. Let r(s) = 3*u(s) - 5*y(s). Suppose -1634*q + 1641*q - 35 = 0. Determine r(q).
-9
Let g(w) = 4*w. Let m(l) = -6*l + 20. Let y be ((-1)/(0 + 1))/((-37)/148). Let c be m(y). Calculate g(c).
-16
Let w(o) = 2*o + 247 + 2*o - 3*o - 248. What is w(-4)?
-5
Suppose -t + 5*l + 1 = 0, 0 = 18*l - 22*l. Let w(p) = 9*p - 3. Calculate w(t).
6
Suppose -3*v + 1 = -2. Suppose -8*a - 12 = -12*a. Let g(i) = -a*i + 2*i - 3*i - 2*i. Determine g(v).
-6
Let z be (-6)/5 + 7/35. Let j be (0 + (-24 - z))*-1. Suppose j = -4*p + 5*k - 13, 0 = 2*p + k + 4. Let d(s) = -s**3 - 3*s**2 + 3*s - 1. Calculate d(p).
3
Let v(c) = -29*c**2 + c - 1. Let o be (-72)/(-88) + 6/33. Give v(o).
-29
Let l(w) = -11 + 2*w + 7*w - 20 + 24 - 8. What is l(2)?
3
Let b(n) = -42*n - 46*n + 2 - 37*n + 124*n. Calculate b(8).
-6
Let a(b) = 3*b + 6. Let i(j) = j + 2. Let o(k) = -a(k) + 4*i(k). Let p be -2*(-4 - -2)*-1. What is o(p)?
-2
Let o be (-2)/80*-6 + 11/110. Let j(i) be the second derivative of 0 + 0*i**3 - o*i**4 + 1/2*i**2 - 8*i. Give j(-2).
-11
Let z(d) = -4 + 2*d + d**2 + 4*d + 0. Let m(b) = b**3 - 6*b**2 - 7*b + 5. Let f be m(7). Suppose -3*k - i + 11 = -f*k, 0 = -3*k - i - 14. What is z(k)?
-9
Let i(t) = -3*t + 2. Let v(y) = y - 1. Let h(n) = -i(n) - 6*v(n). Let b = 34 - 37. Let j(c) = -4*c + 4. Let m(k) = b*h(k) + 2*j(k). Determine m(5).
1
Let r(w) be the first derivative of -7 + w**3 - 3*w**2 + 1/4*w**4 - 6*w. Give r(-4).
2
Let z = 24 + -22. Let g(j) = 0 - 3*j**z + 2*j**2 + 2 + 0. Determine g(2).
-2
Let r(x) = 3 - x**3 + 1 + 3*x**2 - x**2. Suppose 2*i - 151 = 2*v + 3*i, 5*v = i - 388. Let o = -74 - v. What is r(o)?
-5
Let o(v) = -12*v**2 - 34 + 10*v + 23 + 25 + v**3. What is o(11)?
3
Let i(f) = -6*f - 18. Let x(s) = 4*s + 12. Let r(o) = 5*i(o) + 7*x(o). Let k be r(0). Let q = k + 3. Let z(a) = a**3 + 4*a**2 + 3*a - 3. What is z(q)?
-3
Let m(b) = -b**2 + 16*b - 14. Let d be m(15). Let t(s) = -s - 5 + d - 6. Determine t(-11).
1
Let b = -7 - -2. Let h(t) = 7*t + 7. Let x(z) = -6*z - 7. Let u(r) = b*h(r) - 6*x(r). Calculate u(-5).
2
Let t(x) = 4*x**2 - 3*x + 3. Let w(q) = -q**3 - q**2 + q - 1. Let p(z) = t(z) + 3*w(z). Calculate p(-1).
4
Let t = -13 - -17. Let q(v) = -8*v**3 + t*v + 2*v**3 + 5*v**3 - 1. Determine q(-3).
14
Let d(v) = 5*v - 3*v + 2*v**2 - 3*v + 11*v**3. Let r be d(1). Let l = r + -10. Let n(o) = -o + 1. Calculate n(l).
-1
Let r(t) = 7 - t + 2 - 1. Let s be (-2*(-1)/8)/((-113)/(-3616)). Give r(s).
0
Let h(k) be the second derivative of k**5/20 + 10*k**2 - 8*k. Let f(i) be the first derivative of h(i). Suppose -4*y + y = 6. Give f(y).
12
Let l = -6 - -10. Let p be ((-3)/(-2))/(3/6). Suppose -z = p*m - 8, 0 = -m + l - 0. Let d(y) = -y**3 - 4*y**2 - 2*y. Give d(z).
8
Let i = 11 - 9. Suppose 3*b - 3*j = 81, -2*b - 3*b = -4*j - 136. Let x(m) = -b*m**i + 29*m**2 - 4 + 1 + m. Determine x(-4).
9
Suppose -5*i = 2*k - 51, 0 = 2*i - 2*k - 11 - 1. Let a(r) = -r**3 + 3*r**2 - 31*r + 205. Let q be a(5). Let j(w) = i + w - 2 - 10 + q*w. What is j(-3)?
-6
Let l(h) = h**3 + 6*h**2 + 4*h - 3. Let u(w) be the first derivative of -w**4/4 - 2*w**3 - 2*w**2 + 4*w + 3. Let q(y) = 4*l(y) + 3*u(y). Give q(-5).
5
Let k(t) = t**2 - 2*t - 3. Suppose -3*r + 37 = -14. Suppose 4*u + r = 3*u. Let x = -20 - u. Calculate k(x).
12
Let g(d) be the second derivative of -7*d**3/6 + 77*d**2/2 + 65*d + 1. Determine g(12).
-7
Let n(i) = i**3 - 3*i**2 - 2*i - 4. Let o(v) = v**2 + v + 1. Suppose 4*q = y + 7, 3*q - 6*q + 5*y + 18 = 0. Let s(l) = q*n(l) + 5*o(l). Determine s(-2).
-5
Suppose -2*j + 8 = 4*v, 3*v = 2*v - j. Let s(m) be the third derivative of -1/24*m**4 - 2*m**2 + 0 + 0*m + 5/6*m**3. What is s(v)?
1
Let x(v) be the third derivative of 13*v**4/24 - v**3/2 - 54*v**2 + 5. Determine x(1).
10
Suppose -64 = -3*x + 38. Let c = x - 29. Let r(y) = -y**2 + 6*y - 3. Calculate r(c).
2
Let d(i) = i**2 - 6*i - 8. Let s be d(8). Let l(f) = -4. Let m(t) = t + 11. Let o(h) = s*l(h) + 3*m(h). Let z be (3 - (-2)/(-1))*1. What is o(z)?
4
Let t(p) = -4*p - 5. Suppose -b - f - 3 = 0, -3*f = -19*b + 18*b - 11. Give t(b).
15
Let n(w) be the second derivative of 0 + 0*w**2 + 0*w**5 + 5/24*w**4 + 1/360*w**6 - 2*w + 1/2*w**3. Let c(g) be the second derivative of n(g). Determine c(0).
5
Let u(a) be the third derivative of a**6/60 + a**5/15 + a**4/8 + a**3/3 + 10*a**2 - a. Give u(-2).
-4
Let q = 65 - 70. Let r(v) = v**2. Let o(h) = -h**3 - 4*h**2 - 6*h - 6. Let i(m) = o(m) - 3*r(m). What is i(q)?
-26
Let h(d) = -d + 1. Let w(x) be the second derivative of -5*x**3/6 + x**2 - 25*x. Let n(c) = -6*h(c) + w(c). Determine n(3).
-1
Let h(k) be the second derivative of -k**4/12 + k**3/6 - 18*k**2 - 36*k - 3. Determine h(0).
-36
Let w(z) be the second derivative of 7*z**3/6 + 21*z**2/2 - 49*z + 1. Determine w(-3).
0
Let s(p) = 4*p - 2. Let g(r) = 5*r - 2. Let f(h) = -3*g(h) + 4*s(h). Suppose 3*v = -4*b + 7*v, b = -4*v - 20. Determine f(b).
-6
Let m(d) = -d**3 + 14*d**2 - 9*d - 21. Let x(q) = 8*q**2 - 5*q - 12. Let l(z) = 4*m(z) - 7*x(z). Calculate l(-1).
5
Let t(g) = -g**2 + 9*g + 4. Let d(h) = h**3 + 5*h**2 - 4*h + 21. Let c be d(-6). Give t(c).
4
Let k(a) = a - 5. Let j(x) = 5*x**2 - 3*x + 10. Let m be j(5). Let d = -111 + m. Give k(d).
4
Let m be 35/(-84)*-9 + 15/12. Let g be (-1)/(-2) + 22/4. Let t(f) = 5*f**3 - g - 6*f**2 + 3*f - 4*f**3 + 13. Calculate t(m).
-3
Let b(z) be the second derivative of -z**4/12 + z**3/3 + 13*z**2/2 + 297*z. Give b(5).
-2
Let x(m) = -m**2 + m - 1. Let d(n) = -n**3 + 6*n**2 + n + 12. Let c be d(6). Let f = 3 + c. Let s = -19 + f. What is x(s)?
-3
Let b = -3 - -7. Let d = -3 + b. Let q(n) = -2 + n**2 - 5*n - n**3 - d + 1 - 7*n**2. What is q(-5)?
-2
Let p(s) = 131*s - 7. Let x(u) = 109*u - 8. Let f(l) = 5*p(l) - 6*x(l). Determine f(-6).
7
Let d(s) be the first derivative of -7/2*s**2 - 1 + 4*s - 1/3*s**3. Let h(k) = -k**3 - 8*k**2 - 18*k - 84. Let y be h(-7). Give d(y).
4
Let u(d) = 3*d**2 + 5*d - 1. Let x(a) = -7*a**2 - 10*a + 2. Let q(y) = 5*u(y) + 2*x(y). Let s(g) = -g**2 - 49*g - 144. Let k be s(-46). Calculate q(k).
5
Let x(r) be the third derivative of r**6/120 + r**5/12 - r**3/3 - 251*r**2 + 2*r. Determine x(-5).
-2
Let h(u) = -u**2 - 6*u. Let z be h(-5). Let y(l) = 7*l - 10. Let a(i) = -6*i + 9. Let k(c) = z*a(c) + 4*y(c). Give k(-5).
15
Let s(y) = -3 - 6 + 11*y + 14 - 9 - 2. Determine s(5).
49
Let u(c) = -11*c - 4. Let m(j) = 13*j + 10. Let l(n) = 5*m(n) + 6*u(n). Determine l(9).
17
Let f(n) = -5*n + 12. Let p(x) = 9*x - 23. Let v(q) = 11*f(q) + 6*p(q). Let h = 1163 + -1170. What is v(h)?
1
Let y(m) = -35*m + 10*m - 22 - 5 + 27*m. Give y(14).
1
Suppose -14*u - 40 = -22*u. Let z(k) = -k**3 + 11*k**2 - 7*k + 1. Let d(h) = -2*h**3 + 23*h**2 - 13*h + 2. Let m(w) = u*z(w) - 2*d(w). Calculate m(8).
-7
Let k(i) = 2*i - 15. Let q(y) = y - 7. Let o(t) = -6*t + 3 - 5*t**2 - 1 - t**3 - t**2. Let a be o(-5). Let r(g) = a*q(g) - 3*k(g). What is r(4)?
0
Let j(n) = n**3 - n**2 - 3*n - 4. Let a(r) = 34*r - 2. Let o be a(-1). Let p = o + 27. Let m(u) = u**2 + 9*u + 3. Let g be m(p). Give j(g).
5
Suppose 8*b - 15*b + 7 = 0. Let l be (1/(-2))/((-2)/(-4)). Let m(k) = k**2 - 1. Let h(d) = -10*d**2 + 2*d + 2. Let r(o) = l*h(o) - 3*m(o). What is r(b)?
6
Suppose 2*g - 6 = 0, -3*g + 6 = -4*z + 1. Let a(t) = -4*t**2 - t + 1. Let w be a(z). Let l(f) = f**2 + 